{"id":92,"date":"2025-01-16T09:51:22","date_gmt":"2025-01-16T09:51:22","guid":{"rendered":"https:\/\/shop.linpro.hu\/?post_type=product&#038;p=92"},"modified":"2025-01-28T13:28:35","modified_gmt":"2025-01-28T13:28:35","slug":"digitalis-transzformacio-csomag-xxl","status":"publish","type":"product","link":"https:\/\/it-software.hu\/?product=digitalis-transzformacio-csomag-xxl","title":{"rendered":"Digit\u00e1lis Transzform\u00e1ci\u00f3 Csomag XXL"},"content":{"rendered":"<ul>\n<li><strong>Le\u00edr\u00e1s:<\/strong> Seg\u00edts\u00e9g a v\u00e1llalkoz\u00e1s digit\u00e1lis \u00e1t\u00e1ll\u00e1s\u00e1ban \u00e9s modern technol\u00f3gi\u00e1k bevezet\u00e9s\u00e9ben.<\/li>\n<li><strong>Tartalma:<\/strong>\n<ul>\n<li>40 \u00f3r\u00e1s strat\u00e9giai tan\u00e1csad\u00e1s<\/li>\n<li>Digit\u00e1lis fejleszt\u00e9si terv k\u00e9sz\u00edt\u00e9se<\/li>\n<li>Koll\u00e9g\u00e1k IT k\u00e9pz\u00e9se \u00e9s t\u00e1mogat\u00e1s<\/li>\n<\/ul>\n<\/li>\n<\/ul>\n","protected":false},"excerpt":{"rendered":"<p>Le\u00edr\u00e1s: Seg\u00edts\u00e9g a v\u00e1llalkoz\u00e1s digit\u00e1lis \u00e1t\u00e1ll\u00e1s\u00e1ban \u00e9s modern technol\u00f3gi\u00e1k bevezet\u00e9s\u00e9ben. Tartalma: 40 \u00f3r\u00e1s strat\u00e9giai tan\u00e1csad\u00e1s Digit\u00e1lis fejleszt\u00e9si terv k\u00e9sz\u00edt\u00e9se Koll\u00e9g\u00e1k IT k\u00e9pz\u00e9se \u00e9s t\u00e1mogat\u00e1s<\/p>\n","protected":false},"featured_media":148,"comment_status":"closed","ping_status":"closed","template":"","meta":[],"product_brand":[],"product_cat":[15,20],"product_tag":[],"class_list":{"0":"post-92","1":"product","2":"type-product","3":"status-publish","4":"has-post-thumbnail","6":"product_cat-egyeb","7":"product_cat-tanacsadas","9":"first","10":"instock","11":"shipping-taxable","12":"purchasable","13":"product-type-simple"},"yoast_head":"<!-- This site is optimized with the Yoast SEO plugin v25.6 - https:\/\/yoast.com\/wordpress\/plugins\/seo\/ -->\n<title>Digit\u00e1lis Transzform\u00e1ci\u00f3 Csomag XXL - IT-software<\/title>\n<meta name=\"robots\" content=\"index, follow, max-snippet:-1, max-image-preview:large, max-video-preview:-1\" \/>\n<link rel=\"canonical\" href=\"https:\/\/it-software.hu\/?product=digitalis-transzformacio-csomag-xxl\" \/>\n<meta property=\"og:locale\" content=\"hu_HU\" \/>\n<meta property=\"og:type\" content=\"article\" \/>\n<meta property=\"og:title\" content=\"Digit\u00e1lis Transzform\u00e1ci\u00f3 Csomag XXL - IT-software\" \/>\n<meta property=\"og:description\" content=\"Le\u00edr\u00e1s: Seg\u00edts\u00e9g a v\u00e1llalkoz\u00e1s digit\u00e1lis \u00e1t\u00e1ll\u00e1s\u00e1ban \u00e9s modern technol\u00f3gi\u00e1k bevezet\u00e9s\u00e9ben. Tartalma: 40 \u00f3r\u00e1s strat\u00e9giai tan\u00e1csad\u00e1s Digit\u00e1lis fejleszt\u00e9si terv k\u00e9sz\u00edt\u00e9se Koll\u00e9g\u00e1k IT k\u00e9pz\u00e9se \u00e9s t\u00e1mogat\u00e1s\" \/>\n<meta property=\"og:url\" content=\"https:\/\/it-software.hu\/?product=digitalis-transzformacio-csomag-xxl\" \/>\n<meta property=\"og:site_name\" content=\"IT-software\" \/>\n<meta property=\"article:modified_time\" content=\"2025-01-28T13:28:35+00:00\" \/>\n<meta property=\"og:image\" content=\"https:\/\/it-software.hu\/wp-content\/uploads\/2025\/01\/digitransz-2-scaled.jpg\" \/>\n\t<meta property=\"og:image:width\" content=\"2560\" \/>\n\t<meta property=\"og:image:height\" content=\"1707\" \/>\n\t<meta property=\"og:image:type\" content=\"image\/jpeg\" \/>\n<meta name=\"twitter:card\" content=\"summary_large_image\" \/>\n<meta name=\"twitter:label1\" content=\"Becs\u00fclt olvas\u00e1si id\u0151\" \/>\n\t<meta name=\"twitter:data1\" content=\"1 perc\" \/>\n<script type=\"application\/ld+json\" class=\"yoast-schema-graph\">{\"@context\":\"https:\/\/schema.org\",\"@graph\":[{\"@type\":\"WebPage\",\"@id\":\"https:\/\/it-software.hu\/?product=digitalis-transzformacio-csomag-xxl\",\"url\":\"https:\/\/it-software.hu\/?product=digitalis-transzformacio-csomag-xxl\",\"name\":\"Digit\u00e1lis Transzform\u00e1ci\u00f3 Csomag XXL - IT-software\",\"isPartOf\":{\"@id\":\"https:\/\/it-software.hu\/#website\"},\"primaryImageOfPage\":{\"@id\":\"https:\/\/it-software.hu\/?product=digitalis-transzformacio-csomag-xxl#primaryimage\"},\"image\":{\"@id\":\"https:\/\/it-software.hu\/?product=digitalis-transzformacio-csomag-xxl#primaryimage\"},\"thumbnailUrl\":\"https:\/\/it-software.hu\/wp-content\/uploads\/2025\/01\/digitransz-2-scaled.jpg\",\"datePublished\":\"2025-01-16T09:51:22+00:00\",\"dateModified\":\"2025-01-28T13:28:35+00:00\",\"breadcrumb\":{\"@id\":\"https:\/\/it-software.hu\/?product=digitalis-transzformacio-csomag-xxl#breadcrumb\"},\"inLanguage\":\"hu\",\"potentialAction\":[{\"@type\":\"ReadAction\",\"target\":[\"https:\/\/it-software.hu\/?product=digitalis-transzformacio-csomag-xxl\"]}]},{\"@type\":\"ImageObject\",\"inLanguage\":\"hu\",\"@id\":\"https:\/\/it-software.hu\/?product=digitalis-transzformacio-csomag-xxl#primaryimage\",\"url\":\"https:\/\/it-software.hu\/wp-content\/uploads\/2025\/01\/digitransz-2-scaled.jpg\",\"contentUrl\":\"https:\/\/it-software.hu\/wp-content\/uploads\/2025\/01\/digitransz-2-scaled.jpg\",\"width\":2560,\"height\":1707},{\"@type\":\"BreadcrumbList\",\"@id\":\"https:\/\/it-software.hu\/?product=digitalis-transzformacio-csomag-xxl#breadcrumb\",\"itemListElement\":[{\"@type\":\"ListItem\",\"position\":1,\"name\":\"Kezd\u0151lap\",\"item\":\"https:\/\/it-software.hu\/\"},{\"@type\":\"ListItem\",\"position\":2,\"name\":\"Shop\",\"item\":\"https:\/\/it-software.hu\/?page_id=6&lang=hu\"},{\"@type\":\"ListItem\",\"position\":3,\"name\":\"Digit\u00e1lis Transzform\u00e1ci\u00f3 Csomag XXL\"}]},{\"@type\":\"WebSite\",\"@id\":\"https:\/\/it-software.hu\/#website\",\"url\":\"https:\/\/it-software.hu\/\",\"name\":\"IT-software\",\"description\":\"\",\"publisher\":{\"@id\":\"https:\/\/it-software.hu\/#organization\"},\"potentialAction\":[{\"@type\":\"SearchAction\",\"target\":{\"@type\":\"EntryPoint\",\"urlTemplate\":\"https:\/\/it-software.hu\/?s={search_term_string}\"},\"query-input\":{\"@type\":\"PropertyValueSpecification\",\"valueRequired\":true,\"valueName\":\"search_term_string\"}}],\"inLanguage\":\"hu\"},{\"@type\":\"Organization\",\"@id\":\"https:\/\/it-software.hu\/#organization\",\"name\":\"IT-software\",\"url\":\"https:\/\/it-software.hu\/\",\"logo\":{\"@type\":\"ImageObject\",\"inLanguage\":\"hu\",\"@id\":\"https:\/\/it-software.hu\/#\/schema\/logo\/image\/\",\"url\":\"https:\/\/it-software.hu\/wp-content\/uploads\/2025\/01\/it-softwarehu-high-resolution-logo-transparent-white.png\",\"contentUrl\":\"https:\/\/it-software.hu\/wp-content\/uploads\/2025\/01\/it-softwarehu-high-resolution-logo-transparent-white.png\",\"width\":2000,\"height\":2000,\"caption\":\"IT-software\"},\"image\":{\"@id\":\"https:\/\/it-software.hu\/#\/schema\/logo\/image\/\"}}]}<\/script>\n<!-- \/ Yoast SEO plugin. -->","yoast_head_json":{"title":"Digit\u00e1lis Transzform\u00e1ci\u00f3 Csomag XXL - IT-software","robots":{"index":"index","follow":"follow","max-snippet":"max-snippet:-1","max-image-preview":"max-image-preview:large","max-video-preview":"max-video-preview:-1"},"canonical":"https:\/\/it-software.hu\/?product=digitalis-transzformacio-csomag-xxl","og_locale":"hu_HU","og_type":"article","og_title":"Digit\u00e1lis Transzform\u00e1ci\u00f3 Csomag XXL - IT-software","og_description":"Le\u00edr\u00e1s: Seg\u00edts\u00e9g a v\u00e1llalkoz\u00e1s digit\u00e1lis \u00e1t\u00e1ll\u00e1s\u00e1ban \u00e9s modern technol\u00f3gi\u00e1k bevezet\u00e9s\u00e9ben. Tartalma: 40 \u00f3r\u00e1s strat\u00e9giai tan\u00e1csad\u00e1s Digit\u00e1lis fejleszt\u00e9si terv k\u00e9sz\u00edt\u00e9se Koll\u00e9g\u00e1k IT k\u00e9pz\u00e9se \u00e9s t\u00e1mogat\u00e1s","og_url":"https:\/\/it-software.hu\/?product=digitalis-transzformacio-csomag-xxl","og_site_name":"IT-software","article_modified_time":"2025-01-28T13:28:35+00:00","og_image":[{"width":2560,"height":1707,"url":"https:\/\/it-software.hu\/wp-content\/uploads\/2025\/01\/digitransz-2-scaled.jpg","type":"image\/jpeg"}],"twitter_card":"summary_large_image","twitter_misc":{"Becs\u00fclt olvas\u00e1si id\u0151":"1 perc"},"schema":{"@context":"https:\/\/schema.org","@graph":[{"@type":"WebPage","@id":"https:\/\/it-software.hu\/?product=digitalis-transzformacio-csomag-xxl","url":"https:\/\/it-software.hu\/?product=digitalis-transzformacio-csomag-xxl","name":"Digit\u00e1lis Transzform\u00e1ci\u00f3 Csomag XXL - IT-software","isPartOf":{"@id":"https:\/\/it-software.hu\/#website"},"primaryImageOfPage":{"@id":"https:\/\/it-software.hu\/?product=digitalis-transzformacio-csomag-xxl#primaryimage"},"image":{"@id":"https:\/\/it-software.hu\/?product=digitalis-transzformacio-csomag-xxl#primaryimage"},"thumbnailUrl":"https:\/\/it-software.hu\/wp-content\/uploads\/2025\/01\/digitransz-2-scaled.jpg","datePublished":"2025-01-16T09:51:22+00:00","dateModified":"2025-01-28T13:28:35+00:00","breadcrumb":{"@id":"https:\/\/it-software.hu\/?product=digitalis-transzformacio-csomag-xxl#breadcrumb"},"inLanguage":"hu","potentialAction":[{"@type":"ReadAction","target":["https:\/\/it-software.hu\/?product=digitalis-transzformacio-csomag-xxl"]}]},{"@type":"ImageObject","inLanguage":"hu","@id":"https:\/\/it-software.hu\/?product=digitalis-transzformacio-csomag-xxl#primaryimage","url":"https:\/\/it-software.hu\/wp-content\/uploads\/2025\/01\/digitransz-2-scaled.jpg","contentUrl":"https:\/\/it-software.hu\/wp-content\/uploads\/2025\/01\/digitransz-2-scaled.jpg","width":2560,"height":1707},{"@type":"BreadcrumbList","@id":"https:\/\/it-software.hu\/?product=digitalis-transzformacio-csomag-xxl#breadcrumb","itemListElement":[{"@type":"ListItem","position":1,"name":"Kezd\u0151lap","item":"https:\/\/it-software.hu\/"},{"@type":"ListItem","position":2,"name":"Shop","item":"https:\/\/it-software.hu\/?page_id=6&lang=hu"},{"@type":"ListItem","position":3,"name":"Digit\u00e1lis Transzform\u00e1ci\u00f3 Csomag XXL"}]},{"@type":"WebSite","@id":"https:\/\/it-software.hu\/#website","url":"https:\/\/it-software.hu\/","name":"IT-software","description":"","publisher":{"@id":"https:\/\/it-software.hu\/#organization"},"potentialAction":[{"@type":"SearchAction","target":{"@type":"EntryPoint","urlTemplate":"https:\/\/it-software.hu\/?s={search_term_string}"},"query-input":{"@type":"PropertyValueSpecification","valueRequired":true,"valueName":"search_term_string"}}],"inLanguage":"hu"},{"@type":"Organization","@id":"https:\/\/it-software.hu\/#organization","name":"IT-software","url":"https:\/\/it-software.hu\/","logo":{"@type":"ImageObject","inLanguage":"hu","@id":"https:\/\/it-software.hu\/#\/schema\/logo\/image\/","url":"https:\/\/it-software.hu\/wp-content\/uploads\/2025\/01\/it-softwarehu-high-resolution-logo-transparent-white.png","contentUrl":"https:\/\/it-software.hu\/wp-content\/uploads\/2025\/01\/it-softwarehu-high-resolution-logo-transparent-white.png","width":2000,"height":2000,"caption":"IT-software"},"image":{"@id":"https:\/\/it-software.hu\/#\/schema\/logo\/image\/"}}]}},"jetpack_sharing_enabled":true,"_links":{"self":[{"href":"https:\/\/it-software.hu\/index.php?rest_route=\/wp\/v2\/product\/92","targetHints":{"allow":["GET"]}}],"collection":[{"href":"https:\/\/it-software.hu\/index.php?rest_route=\/wp\/v2\/product"}],"about":[{"href":"https:\/\/it-software.hu\/index.php?rest_route=\/wp\/v2\/types\/product"}],"replies":[{"embeddable":true,"href":"https:\/\/it-software.hu\/index.php?rest_route=%2Fwp%2Fv2%2Fcomments&post=92"}],"wp:featuredmedia":[{"embeddable":true,"href":"https:\/\/it-software.hu\/index.php?rest_route=\/wp\/v2\/media\/148"}],"wp:attachment":[{"href":"https:\/\/it-software.hu\/index.php?rest_route=%2Fwp%2Fv2%2Fmedia&parent=92"}],"wp:term":[{"taxonomy":"product_brand","embeddable":true,"href":"https:\/\/it-software.hu\/index.php?rest_route=%2Fwp%2Fv2%2Fproduct_brand&post=92"},{"taxonomy":"product_cat","embeddable":true,"href":"https:\/\/it-software.hu\/index.php?rest_route=%2Fwp%2Fv2%2Fproduct_cat&post=92"},{"taxonomy":"product_tag","embeddable":true,"href":"https:\/\/it-software.hu\/index.php?rest_route=%2Fwp%2Fv2%2Fproduct_tag&post=92"}],"curies":[{"name":"wp","href":"https:\/\/api.w.org\/{rel}","templated":true}]}}